8
Suppose -12799*c = -12796*c - 36. What is the greatest common divisor of c and 22?
2
Let z be (-24*(-27)/(-243))/((-4)/42). Calculate the greatest common divisor of 6874 and z.
14
Suppose -934 = -5*u + 776. Let v = -292 + u. Calculate the greatest common factor of 100 and v.
50
Let r = -4762 - -4769. Calculate the highest common factor of r and 819.
7
Let b(m) = 12*m + 169. Let s(j) = 37*j + 507. Let k(v) = -7*b(v) + 2*s(v). Let f be k(-33). What is the greatest common factor of f and 46?
23
Suppose -332*n + 11545 + 11284 = -30291. What is the greatest common factor of 8520 and n?
40
Suppose 0 = -20*r - 3537 + 10337. Calculate the highest common divisor of 180 and r.
20
Let n = 66 - 58. Let x be 0 - -5 - n - -354. Let m(q) = 4*q + 15. Let w be m(6). What is the highest common divisor of x and w?
39
Let d(i) = -8*i + 20. Let g be d(-15). Suppose 2*v = 5*c + 30 + 25, -2*c + 10 = 0. What is the highest common divisor of v and g?
20
Let h(i) = -145*i - 1088. Let u be h(-8). Calculate the highest common divisor of 600 and u.
24
Suppose -32 = 3*a - 4*z - 11, 0 = 2*a + z + 3. Let n be (a - 0) + (2 - -1) + 128. What is the highest common divisor of n and 48?
16
Let z(i) = -i**2 + 4*i + 7. Let v(f) = 3*f - 4. Let n be v(4). Let t be z(n). Let p be (t + 15)*2/((-2)/1). Calculate the greatest common divisor of 2 and p.
2
Let k be (198/(-132))/((-3)/2088). Calculate the greatest common divisor of k and 4.
4
Let w = 241 + -157. Let h = -26 - -127. Let l = h - 80. Calculate the greatest common divisor of w and l.
21
Suppose -3*w = v - 1026, -4*w + 3666 + 1486 = 5*v. Suppose u + 10*u = 264. Calculate the greatest common factor of u and v.
24
Let p(u) = 2*u**2 - 220. Let a be p(-13). Calculate the highest common divisor of 2419 and a.
59
Let w be 10*(2 - (-36)/(-15))/(-1). Suppose -5*c = -w*c + 12. Let t be (22/6)/((-4)/c). What is the highest common divisor of 22 and t?
11
Let v(o) = -7*o**3 + 3*o**2 + 152*o - 50. Let j be v(-11). What is the highest common factor of j and 46?
46
Let c(k) = 2*k**2 + 4*k - 1. Let u be c(-3). Let r(p) = -4*p**2 + 414*p - 9772. Let d be r(62). What is the greatest common divisor of d and u?
5
Suppose 5*r - 266 = 2*f, 4*r - 4*f = 364 - 144. Let n be (20/15)/(6/585). What is the greatest common divisor of n and r?
26
Suppose f + 3*c - 1863 = 0, -19*f - 4*c + 7428 = -15*f. Calculate the highest common factor of 4 and f.
2
Let n be (-36)/(-42)*14/6. Suppose -n*k + 2352 = 19*k. What is the greatest common divisor of 7 and k?
7
Let z(t) = -452*t + 5520. Let o be z(9). What is the highest common factor of 957 and o?
33
Let t = 52 - 3. Let b(k) = -2*k**3 - 58*k**2 + 41*k - 129. Let q be b(-30). Calculate the highest common divisor of t and q.
49
Let o be (4 - 3) + 7/((-28)/(-712)). Let t = o - 119. What is the highest common factor of t and 36?
12
Suppose 483 = 22*d - d. Suppose 4*r + 6*o = o + 35, -4*r = o - d. What is the greatest common factor of r and 2?
1
Let y(a) = -a**2 - 13*a - 16. Let x be y(-9). Suppose 8*d = x - 76. Let n(t) = t + 20. Let r be n(d). Calculate the highest common divisor of r and 52.
13
Suppose 19404 = 446*r - 435*r. Calculate the greatest common factor of 112 and r.
28
Let j(d) = d**3 + 26*d**2 + 3*d - 162. Let s be j(-11). What is the greatest common factor of 20 and s?
20
Suppose -109 - 180 = -n. Let j = -170 - -187. Calculate the greatest common factor of n and j.
17
Let m be (-4208)/(-100) + (-10)/125. Let w = 58 - m. Calculate the greatest common divisor of w and 48.
16
Suppose -d - 2*g = -36, -6*g = 2*d - 4*g - 72. Let z = d + -59. Let j(l) = -l - 4. Let p be j(z). What is the highest common factor of p and 19?
19
Let g(k) = k**3 - 2*k**2 - 2*k + 1. Let r be g(5). Let s = 15027 + -15003. Calculate the highest common divisor of r and s.
6
Let b(j) = -j**2 - 7*j - 5. Let r be b(-5). Suppose -130 = -n + r*s, n - 305 = -n + s. What is the highest common divisor of 31 and n?
31
Suppose 2*n - 646 = -3*n + 4*w, -4*w = -4. Let i be 13338/133 + n/35 + -4. Let l be (-25)/(-2)*(-1 + 3). What is the highest common divisor of l and i?
25
Let p(b) = b**3 + 6*b**2 + 19*b + 30. Let w be p(-2). Suppose w*h + 165 = 3445. Calculate the greatest common factor of h and 10.
10
Let y be (-243)/((-1)/(-4)*-4). Suppose -3*h + 6 = -3*x + y, 0 = 4*h + 8. Calculate the highest common divisor of x and 154.
77
Suppose 68 = 3*b + 2*y - 548, -3*y + 1449 = 7*b. What is the greatest common factor of b and 240?
30
Suppose -5*g + 0*y = -5*y - 140, -5*g + 2*y = -131. Let w be ((-78)/(-12) - -1)/((-2)/(-60)). What is the highest common divisor of w and g?
25
Let z be (93/(-124))/(9/(-84)). Let x(s) = 4*s**2 - 20*s - 47. Let u be x(z). Suppose 0*v - 3*v = -18. Calculate the highest common factor of u and v.
3
Let t = -20 + 36. Suppose 0 = -3*i - h + t, -2*i + 14 = i - h. Suppose 4*a + 5*l = 0, -4*l + 3 = -4*a + 39. Calculate the greatest common factor of i and a.
5
Let k = 481 - 413. Suppose -j + 5*h + 22 = -0*h, -3*h - 54 = -4*j. What is the highest common divisor of j and k?
4
Let h be (-16)/(-10)*(-11)/((-176)/5840). Suppose -4*r - 4*g + 261 = -511, -3*r - 2*g + h = 0. Calculate the highest common divisor of 77 and r.
11
Let u = 25 + -16. Let t be (-1)/(4 - (-861)/(-215)). Suppose u*d - 1511 = -t. Calculate the highest common factor of 18 and d.
18
Suppose 2*q - 62 = -t, -181 = -114*t + 111*t - q. Calculate the greatest common factor of t and 84.
12
Suppose -3*y + 3*k - 540 = 0, 4*k - k - 360 = 2*y. Let z be y/24*(6/(-2) + 1). Calculate the highest common factor of 795 and z.
15
Let g = 5685 + -5427. What is the greatest common divisor of g and 2494?
86
Let x be (-2832)/36*(-75)/4. Suppose 16*i = 1405 + x. What is the highest common factor of 300 and i?
60
Let z(g) = -g**3 + 15*g**2 - 28*g + 118. Let b be z(11). Calculate the greatest common factor of 6 and b.
6
Let z be 156 + -113 - ((-22)/(-6) + 1/3). What is the greatest common divisor of 39 and z?
39
Let i(c) = 66*c - 200. Let q be i(8). Calculate the greatest common divisor of 1558 and q.
82
Let w(f) = f**3 - 7*f**2 - 6*f + 6. Let c be w(8). Let l = c + -26. Let s be -18*((-18)/3 + l). Calculate the highest common divisor of 36 and s.
36
Suppose -12*x = 17*x - 10*x - 173888. What is the highest common factor of x and 77?
11
Let u be (3 + -4)*(10 + -58)/3. What is the highest common divisor of u and 488?
8
Let y = -3757 - -3768. Calculate the greatest common factor of 8767 and y.
11
Suppose 3*p = -3, 4*g = 2*p - 231 - 7. Let r = 64 + g. Let y(x) = x**3 + x**2 + x + 16. Let c be y(0). What is the greatest common divisor of c and r?
4
Suppose 0 = -16*f + 4794 + 534. What is the highest common factor of 1443 and f?
111
Let o be (41385/178)/(1/(-2)). Let k = 710 + o. Calculate the greatest common factor of k and 5.
5
Let g = 124 - -968. Let y = -742 + g. What is the highest common factor of y and 50?
50
Let y be (880/264)/((-8)/(-90))*252/15. What is the highest common factor of y and 330?
30
Suppose -2*q - 2275 = -6*q + l, 3*l = -6*q + 3435. What is the greatest common factor of q and 304?
38
Let f be 46/(-345) + (-6457)/(-165). Calculate the greatest common divisor of 3159 and f.
39
Let u be 476/12 - (-1)/3. Suppose 4*h + 1227 - 1877 = -2*q, 4*h - q = 635. What is the greatest common divisor of h and u?
40
Let i = -238 + 253. Suppose -y = -i - 10. Calculate the greatest common divisor of 125 and y.
25
Suppose 0 = -2*f - 2*f - 32. Let c be (-8)/(-8)*f/(-1). Suppose -34 = -10*h - 24. Calculate the highest common factor of h and c.
1
Suppose 2*i - 8 - 26 = 0. Let w be 4032/2912 + 15/(-39). Calculate the greatest common divisor of w and i.
1
Suppose -113*y + 117*y - 1100 = -4*c, -35 = 5*c. Calculate the highest common factor of 25239 and y.
141
Let p = 21365 + -21278. What is the greatest common factor of p and 116?
29
Suppose -236 = -4*p + 100. Let x be (-5 - (-140)/(-160)*-8)/((-1)/(-12)). What is the highest common divisor of x and p?
12
Let l(y) = y**2 - 21*y - 59. Let w be l(21). Let c be 5*-1 - (w - -24). Calculate the highest common divisor of c and 40.
10
Suppose -3 = 3*h + g - 12, 0 = -4*h + 3*g - 1. Suppose 0 = h*f - 10, -4*f - 176 = -4*a - 8. Calculate the greatest common factor of 329 and a.
47
Let f be (0 - -1) + (156 - 1). Let q be f/4 - 2/(-2). Suppose 672 = -147*g + 1